101111001001010100110?
-101111001000111101001
In base 11, what is -217854 + -124?
-217978
In base 7, what is 30044 + 1002200?
1032244
In base 9, what is -663 - 24543?
-25316
In base 5, what is 3 - -101102134200?
101102134203
In base 6, what is 25152505 - -102?
25153011
In base 6, what is 111 + -10413334?
-10413223
In base 12, what is 640aa - 54?
64056
In base 9, what is 144 - 330771?
-330626
In base 13, what is -44 + 3b4b7b6?
3b4b772
In base 14, what is -13493 - -1a3a?
-11857
In base 10, what is -1668 - 10935?
-12603
In base 15, what is -2da2b - -d3?
-2d948
In base 9, what is -5886511 - 7?
-5886518
In base 13, what is -261 - 20176?
-20407
In base 11, what is -503790 - -122?
-503669
In base 12, what is 2 - 4927a5b?
-4927a59
In base 12, what is -5a - -1a431?
1a393
In base 14, what is 5d08782 + 15?
5d08797
In base 10, what is -376 + -15044?
-15420
In base 9, what is 801631076 - 2?
801631074
In base 7, what is 2 + 35044?
35046
In base 9, what is -5 + 11476508?
11476503
In base 2, what is -101101011001001000 + -100001011?
-101101011101010011
In base 4, what is -10021 + -1121000332?
-1121011013
In base 11, what is 588082 - 3?
58807a
In base 4, what is 13 - 3200121232?
-3200121213
In base 12, what is -1b98506 + -5?
-1b9850b
In base 9, what is 605807 + -343?
605454
In base 6, what is 13410554134 + -5?
13410554125
In base 2, what is -1 + 111111001110011110100?
111111001110011110011
In base 7, what is -6315 + 1226024?
1216406
In base 4, what is -32131103133 - -111?
-32131103022
In base 6, what is 432201 + -125?
432032
In base 15, what is -3 + 1106a9d?
1106a9a
In base 8, what is -26 + 545451?
545423
In base 6, what is -13400 - -1031211?
1013411
In base 14, what is -5 + 33a7b6?
33a7b1
In base 3, what is -102021 - 102122002222?
-102122112020
In base 15, what is 2ab79 - -d?
2ab87
In base 6, what is 23052440 - -3?
23052443
In base 2, what is -100010110011100001101111 - -10?
-100010110011100001101101
In base 6, what is -5501503 + 1000?
-5500503
In base 14, what is aad + 192?
c61
In base 7, what is -156040601 - -1?
-156040600
In base 2, what is 1101010100111010111100 + 11101?
1101010100111011011001
In base 3, what is -20010012202011 + 11220?
-20010012120021
In base 15, what is -10332 + -bc7?
-11009
In base 10, what is 10 - -38250047?
38250057
In base 14, what is -12a2 - -9b5?
-6cb
In base 14, what is 30 + b3c1?
b411
In base 14, what is -16 + -c1615c?
-c16174
In base 16, what is -83d + -f24?
-1761
In base 9, what is -6283880 - -16?
-6283863
In base 2, what is 100 + -100010001100001011111110?
-100010001100001011111010
In base 6, what is -312340154 - -5?
-312340145
In base 15, what is ca + 63d6?
64b1
In base 9, what is -6081028 - -114?
-6080814
In base 3, what is -22222110022101111 - 10?
-22222110022101121
In base 13, what is 306658 - -14?
30666c
In base 10, what is 662 + -727506?
-726844
In base 6, what is 253522330 - -1?
253522331
In base 12, what is 2b792 - -35?
2b807
In base 5, what is 3300341 - -443?
3301334
In base 7, what is -1532 + -201302?
-203134
In base 11, what is -4270 - -2837?
-1534
In base 12, what is -5 - -14623a?
146235
In base 11, what is 654 + 62a9?
6952
In base 4, what is 21131 + -111313210?
-111232013
In base 10, what is 3 + -1028149?
-1028146
In base 15, what is -9 - b6bec3?
-b6becc
In base 12, what is -248 - -991ba?
98b72
In base 14, what is 5a72 + 143?
5bb5
In base 3, what is -2 + -21200121021212?
-21200121021221
In base 11, what is -1 + 4611528?
4611527
In base 14, what is 25 - -3a8171?
3a8196
In base 12, what is -1 - -325a64?
325a63
In base 13, what is -b573c7 - c?
-b57406
In base 11, what is -a4 + -66149?
-66242
In base 6, what is 3152505052 + 1?
3152505053
In base 14, what is 146650 + -8?
146646
In base 12, what is -36b380 - -30a?
-36b072
In base 4, what is -1031320 + -1021021?
-2113001
In base 11, what is -33869 - -1798?
-32081
In base 9, what is 220 + -373584?
-373364
In base 5, what is -1433430144100 + 4?
-1433430144041
In base 12, what is 6 - -22643b?
226445
In base 4, what is 302 + 21312002323?
21312003231
In base 2, what is -11 + -1000010100011000011?
-1000010100011000110
In base 8, what is 5666020 + -12?
5666006
In base 10, what is 72900687 - -8?
72900695
In base 16, what is 1107 - -1db?
12e2
In base 5, what is 134 + -3140423224?
-3140423040
In base 7, what is -140 + -1236212?
-1236352
In base 10, what is -3 - -18008636?
18008633
In base 14, what is 15770cc - -5?
15770d3
In base 4, what is 13130030211230 - -11?
13130030211301
In base 2, what is -100 - 1111101101000001010001?
-1111101101000001010101
In base 2, what is -111010010 - 11010101101111?
-11011101000001
In base 4, what is -1 - 32301123200130?
-32301123200131
In base 14, what is -3d515 + -5d?
-3d574
In base 15, what is -161 + -60dc?
-624d
In base 13, what is 118a - -8ca2?
a15c
In base 14, what is 17 - -37d00d4?
37d010b
In base 13, what is -3 + -a25470?
-a25473
In base 9, what is -1 - 73451271?
-73451272
In base 2, what is 0 - 110010001110110000101011?
-110010001110110000101011
In base 2, what is 10000011 + 10011000000110110000?
10011000001000110011
In base 11, what is 77939a - -25?
779414
In base 2, what is -100 - -11101011010011110101010001?
11101011010011110101001101
In base 11, what is -5450261 - -23?
-5450239
In base 15, what is -15 + 2263d2?
2263bc
In base 11, what is 5 + -18968833?
-18968829
In base 2, what is 111001100001000110 + 110110110?
111001100111111100
In base 8, what is 14053332 + 0?
14053332
In base 11, what is -45a970a - 2?
-45a9711
In base 6, what is -203320 + 1?
-203315
In base 15, what is 4ad6e71 + c?
4ad6e7d
In base 13, what is -157983a + -32?
-157986c
In base 14, what is -1 - -617ab3?
617ab2
In base 9, what is 11 - 47750830?
-47750818
In base 3, what is 200201 - 11001110111?
-11000202210
In base 14, what is 1520691 + -9?
1520686
In base 12, what is -202b1 - -181?
-20130
In base 15, what is -14ea8 - -4d6?
-149c2
In base 11, what is 20807712 - 2?
20807710
In base 2, what is -10001100111111 + -101110111000?
-10111011110111
In base 14, what is 1d92 - -1aab?
3a5d
In base 6, what is 141153 + 23554?
205151
In base 6, what is 2535131 + -120?
2535011
In base 15, what is 5 - 9ecd9?
-9ecd4
In base 14, what is -3 - -387d8541?
387d853c
In base 15, what is -2a2 - 8250?
-8502
In base 10, what is -1 - -4355646?
4355645
In base 10, what is -4033 - -93154?
89121
In base 13, what is a - -10478c7?
1047904
In base 13, what is -4ccc9 - -1c4?
-4cb05
In base 15, what is -3740 + -a64d?
-dd8d
In base 12, what is 6 + 290b6b97?
290b6ba1
In base 15, what is 1803d8 - -1?
1803d9
In base 13, what is a3 - -30390?
30463
In base 5, what is -1130 + 2333?
1203
In base 8, what is 6 + -424773435?
-424773427
In base 13, what is 3 - 5c2168?
-5c2165
In base 10, what is -34360 - -5197?
-29163
In base 7, what is 24 + -4316121?
-4316064
In base 11, what is 29 - 991395?
-991367
In base 15, what is -13 + -4a8389?
-4a839c
In base 9, what is -17 + -18300422?
-18300440
In base 5, what is 1313223440 - 0?
1313223440
In base 5, what is 103402 - 33213113?
-33104211
In base 7, what is 416 - -4265020?
4265436
In base 4, what is 230322320300 - 301?
230322313333
In base 16, what is -237 - -28c9?
2692
In base 12, what is 2b5406 - 625?
2b49a1
In base 11, what is 390581 + -36?
390546
In base 6, what is 11230050 - -41?
11230131
In base 8, what is 1451 + -33351?
-31700
In base 15, what is 605452ec + 2?
605452ee
In base 12, what is 1106a8438 + -4?
1106a8434
In base 2, what is -10000011001100 - -11100110?
-1111111100110
In base 12, what is 9b86584 - -5?
9b86589
In base 14, what is 4 - -3664667?
366466b
In base 9, what is -111613022 - -21?
-111613001
In base 16, what is -5 + 1a82b0?
1a82ab
In base 4, what is -230103 - -1212210?
322101
In base 4, what is -10231213013 - 313?
-10231213332
In base 10, what is 7761 + -326?
7435
In base 11, what is 35 - 135a8a?
-135a55
In base 7, what is 1212062 - -5461?
1220553
In base 2, what is 10 + 1011011001101000101111011?
1011011001101000101111101
In base 8, what is -21766020 - 1?
-21766021
In base 15, what is 2 + -53c3d7b?
-53c3d79
In base 5, what is 11111003322 - 3?
11111003314
In base 10, what is -1 + -279205?
-279206
In base 6, what is 3020335225 - 2?
3020335223
In base 12, what is 214b9 + 118?
21615
In base 15, what is -38d + -30e?
-69c
In base 5, what is 4001230130 - 24